-6*x = -g*x - 116. Let m = -13 + x. What is the tens digit of m?
1
Let o = -13 - -18. Suppose -3*s = -z - 14, z = -2*s - 0*z + 16. What is the units digit of (6/o)/(s/20)?
4
Suppose -5*z = -2*s - 4*z + 7, 0 = -5*z + 5. Suppose 4*a = 3*d - 17 - 2, s = -4*d - 2*a. What is the units digit of (-3 - -2) + d - -1?
1
Suppose 6 + 6 = 4*h. Suppose 3*k = 5*k - 5*i - 38, h*i - 33 = -5*k. What is the units digit of k?
9
Let m(j) = j**3 - 13*j**2 + 3*j + 8. What is the tens digit of m(13)?
4
Suppose -5*v + 46 = -9. What is the tens digit of v?
1
Let v(q) = -q**2. Let l be v(-2). Let z = -6 - l. What is the units digit of z/(-1) + (7 - 1)?
8
Let y = -3 - -4. Let d be 15*(y + (0 - 0)). Suppose -v = 2*v - d. What is the units digit of v?
5
What is the units digit of ((-135)/6)/((-3)/4)?
0
Suppose -697 - 11 = -6*n. What is the units digit of n?
8
What is the units digit of (-526)/(-10) + 8/20?
3
Let o = 6 - -2. Let p(j) = -j**3 + 8*j**2 + 5. Let x be p(o). Let i(w) = 2*w - 4. What is the units digit of i(x)?
6
Suppose 3 = u + 1. Suppose 19 + 21 = u*g. What is the tens digit of g?
2
Let h(s) = 95*s - 1. What is the tens digit of h(1)?
9
Let a(d) = -d**2 + 8*d + 8. Let i be a(7). Suppose -2*z + i = -3*r, 0 = -z - 6*r + 3*r - 15. Let w = 9 - z. What is the units digit of w?
9
Let r = 0 + 5. Suppose 2*k - 35 = r. What is the tens digit of k?
2
Suppose -4*i = -3*i - 33. What is the tens digit of i?
3
What is the units digit of (-285)/(-3 - -2) + 0?
5
Suppose -84 = -s + 3*z, -11 = -4*s + 5*z + 332. What is the units digit of s?
7
Let a = -4 + 8. Suppose r + 21 = 5*q, -a*r + 7 = -9. What is the units digit of q?
5
Let r(b) = -b + 14. Let u be r(5). Suppose -u = -5*k + 26. What is the units digit of k?
7
Suppose 5*c + 24 = 9. Suppose 0 = l - 4*l + 45. Let y = l + c. What is the units digit of y?
2
Suppose 5*v - 184 = 4*a, 0 = 2*v + 3*a - 41 - 28. What is the tens digit of v?
3
Let q(l) = 9*l + 11. Let f(p) = 6*p + 7. Let d(n) = 8*f(n) - 5*q(n). What is the tens digit of d(6)?
1
Suppose 3*w = 2*q - 0*q + 37, 0 = w + 4*q - 3. What is the units digit of w?
1
What is the units digit of 0 + (-148)/(-4) + -1?
6
Let m = -6 - -40. What is the tens digit of m?
3
Let o = 17 - 8. What is the units digit of o?
9
Suppose -5*d = 12 - 2, -5*n + 4*d = -318. What is the units digit of n?
2
Let m = 108 + 7. What is the tens digit of m?
1
Let g = -20 + 28. What is the units digit of (10/(-4))/((-4)/g)?
5
What is the units digit of 2 + (-477)/(-6) + (-4)/8?
1
Let a be 1 - 2 - (-1 + -1). Let v be -5*((-3)/a + -2). Let q = 35 - v. What is the tens digit of q?
1
Let f be 5*3 - (-1 - 1). Suppose -2*j = -2*x + 14, -4*j - f = -x + 5. What is the units digit of x?
2
Suppose 5*b = -7*g + 2*g, 4*g - b - 15 = 0. Let r be ((-22)/(-8))/(g/12). Suppose -3*o = 2*o + 2*j - 40, r = o + j. What is the units digit of o?
6
Let r = 5 - 1. What is the units digit of (-26)/(-8) - 1/r?
3
Suppose 17*z - 19*z = -572. What is the units digit of z?
6
Let u(d) = -d**2 - 8*d - 8. Suppose -8*v = -4*v + 16. What is the units digit of u(v)?
8
Suppose 6*f - 247 = 461. What is the tens digit of f?
1
Let s be (-847)/(-13) + (-18)/117. Suppose -s = -2*k - 3*b - 0, 4*b = -2*k + 68. What is the tens digit of k?
2
Suppose -17 + 41 = w. What is the tens digit of w?
2
Let w = 191 + -39. What is the tens digit of w?
5
Let l be (-8)/(-4) + -5 - 0. Let i = 13 - l. What is the units digit of i?
6
Let y = -106 + 280. What is the tens digit of y?
7
Let i = 11 + -8. Suppose 2*v - 13 = 5*n + 2, -i*v + 5*n = -20. Suppose v + 18 = t. What is the units digit of t?
3
Let w(t) = -3*t + t + 3 + 6*t - 6. Let l be w(3). Let p = 13 - l. What is the units digit of p?
4
Let t = -17 + 5. Let p = t - -26. What is the tens digit of p?
1
Suppose -2*o + 0*b = -b + 56, 4*o + 118 = 5*b. Let r = 41 + o. What is the tens digit of r?
1
Let m = 0 + 2. What is the units digit of ((-4)/(-10))/(m/20)?
4
Let r(a) = 2*a**2 + 17*a + 6. Let k(w) = -w**2 - 9*w - 3. Let z(p) = 5*k(p) + 2*r(p). What is the units digit of z(-8)?
1
Let w(y) = y**3 + 5*y**2 - 3*y + 4. Let p be -1 - (5 - (-3 + 4)). What is the units digit of w(p)?
9
Let p(l) = -l - 13. Let s(o) = 1. Let m(t) = -p(t) - 6*s(t). Let h = -2 + -3. What is the units digit of m(h)?
2
Let c(i) = i**3 - 8*i**2 + 9*i + 1. What is the units digit of c(8)?
3
Let f = 11 + -2. Suppose 2*h - f - 7 = 0. What is the units digit of h?
8
Let x(a) = a**2 + 6*a - 3. Let u be x(-7). Suppose -18 = -q - 0*q - u*j, -2*q = j - 15. What is the units digit of q?
6
Let f(w) = w + 8. Let u = 8 + -14. Let q be f(u). What is the units digit of 6/1 + (q - 1)?
7
Let l(a) = -a - 3. Let i be l(-3). Suppose 2*g + 5*v - 33 = i, -g + 27 + 2 = 5*v. What is the units digit of g?
4
Let a(t) be the first derivative of t**4/4 - 2*t**3 - 4*t**2 + 3*t + 1. Let d be a(6). What is the units digit of (-2 + d/(-6))*2?
1
Suppose -5*o + 24 = -o. Let w be o/39 - (-774)/39. What is the tens digit of w - (0 - (-3 + 1))?
1
Let j be 2/(-6) + 28/12. Suppose -j = -3*z + 1. What is the tens digit of ((10 - -2) + z)/1?
1
Suppose 3*d + u - 35 - 58 = 0, 5*d - 159 = -3*u. Suppose 0 = -3*c + 8*c - d. What is the units digit of c?
6
Suppose 4*u - 78 = 58. What is the units digit of u?
4
What is the units digit of 6/9 + 152/6?
6
Suppose 4*x - r + 36 = -4*r, -3*x - 27 = 3*r. What is the units digit of -6*(3 + 0)/x?
2
What is the units digit of (-4)/(-16) + 198/8?
5
Let l be (2/(-4))/(8/(-128)). Suppose -6*y = -l*y + 46. What is the units digit of y?
3
Let b = 107 + -67. What is the tens digit of b?
4
Let z be 18/(4/2) - 0. Suppose 0*h = 3*h + z. Let i = 10 + h. What is the units digit of i?
7
What is the tens digit of 2/7 - (-412)/28?
1
Let m(k) = -k**3 + 20*k**2 - 16*k - 2. What is the tens digit of m(19)?
5
Let r(k) be the second derivative of -1/2*k**3 - 9/2*k**2 + 0 - 2*k. What is the units digit of r(-6)?
9
Let y(b) = 1 - 4 - 3 - 6*b. What is the tens digit of y(-4)?
1
Let w(o) = -4*o - 4. Let n be w(-3). Let x be 40/(-6) - n/24. What is the units digit of (-5 - -1)/(14/x)?
2
Suppose b = 4*a + 16, -b + 0*a = a + 9. Let t = b - -12. Suppose -2*r - 12 = -5*w, 2*r + 0*r - t = 0. What is the units digit of w?
4
Let m(h) = h**3 + 31*h**2 + 26*h + 29. What is the hundreds digit of m(-30)?
1
Suppose 0 = -0*d + 3*d + 9. Let a(o) = -o - 3. Let k be a(d). Suppose j = -3, -1 = -t - j - k. What is the units digit of t?
4
Let o = 40 + -4. What is the units digit of o?
6
Let q be 1/((-2)/(-4)) - 2. Suppose 4*i + 10 = -q*o + o, 4*o = 3*i + 40. Let m = o - 6. What is the units digit of m?
4
Let v(b) = -2*b + 2. Let z = 11 + -13. What is the units digit of v(z)?
6
Let u = -9 + 11. What is the units digit of (2 + 2)/u - 1?
1
Suppose 2 + 2 = 4*q, 2*q - 2 = -5*c. Suppose 9 = l - c*l. What is the units digit of 32/(-12)*l/(-4)?
6
Suppose -3*h = 3*y - 12, 2*h + 3*y - 14 + 5 = 0. Suppose 0 = -c - 3*c - 8. Let x = c + h. What is the units digit of x?
1
Let a = 61 + -22. What is the tens digit of a?
3
Let h(u) = 2*u**2 - u + 4. Let y be h(-3). Let i = y + -13. What is the tens digit of i?
1
Suppose -6*s - 13 = -7*s. Let r = 22 - s. What is the units digit of r?
9
Suppose 4*f + 88 = 2*n, f - 59 = 4*f + 2*n. Let v = f + 40. What is the units digit of v/3 - 4/(-6)?
7
Let p(s) = s**3 + 9*s**2 + 4. Let f be p(-9). Suppose 0 = 4*g - r - 2*r - 21, f*g - 2*r - 22 = 0. What is the units digit of g?
6
Let r(d) = -d. Let z be r(-4). Suppose -z*y + y = 2*a - 61, a + 106 = 5*y. What is the tens digit of y?
2
Suppose 0 = -3*h - 2*f + 106, -2*f + 4 = -6*f. What is the tens digit of h?
3
Let x = -82 - -162. What is the tens digit of x?
8
Suppose -148 = -4*a + 3*h, -a = -5*a - 5*h + 116. Suppose 4*t - 14 = 2*i, i - 1 = -5*t + a. What is the units digit of t?
6
What is the units digit of 5/(-15) - (-1)/3*31?
0
Suppose -2*w + 1 = 3. What is the tens digit of w/(-3) + 188/12?
1
What is the tens digit of (-30)/(5/(-3) + 1)?
4
Suppose -3*a = -5*c + 10, 0 = -4*c - c - 2*a + 35. Suppose 5*y - c = -3*h, -3*y + 3 = 2*h - 1. Let v(r) = r**2 - 6*r + 6. What is the units digit of v(h)?
1
Suppose 0*g - 36 = -2*j + 2*g, -5*g = -5. What is the tens digit of j?
1
Suppose -26 + 222 = 4*f. What is the tens digit of f?
4
Let f = 4 - 2. Let x(r) = r**2 - 4*r + 5. Let l be x(7). Suppose 4*k + l = m + 9, -5*k - 5 = f*m. Wha